{"id":9,"date":"2013-08-23T09:30:39","date_gmt":"2013-08-23T09:30:39","guid":{"rendered":"http:\/\/usgpl.hr\/?page_id=9"},"modified":"2021-12-01T13:00:43","modified_gmt":"2021-12-01T13:00:43","slug":"o-nama-2","status":"publish","type":"page","link":"https:\/\/usgpl.hr\/?page_id=9","title":{"rendered":"Donatori"},"content":{"rendered":"<p>Glavni sponzori, donatori i podupiratelji rada na\u0161e Udruge su:<\/p>\n<p>Australska ambasada u Zagrebu, <a href=\"http:\/\/www.croata.embassy.gov.au\/\">www.croata.embassy.gov.au<\/a> &#8211; Prve kontakte i suradnju smo ostvarili po\u010detkom 2009. godine, a prvi puta su nam do\u0161li u posjet 21.06.2009. godine, gospo\u0111a veleposlanica\u00a0 Beverly Mercer i gospo\u0111a Dijana Pade\u017eanin. Australska ambasada je donirala na\u0161oj Udruzi ve\u0107i dio opreme na kojoj je ugra\u0111ena govorna jedinica te su nas vi\u0161e puta posjetili a i mi smo bili pozivani te smo odlazili na njihove pozive tamo gdje su nas pozivali.\u00a0\u00a0\u00a0 12.06. 2013. godine njihovo izaslanstvo je zadnji put boravilo u na\u0161oj Udruzi, kontakt i daljnja\u00a0 suradnja je trajna. \u00a0 <a href=\"http:\/\/usgpl.hr\/wp-content\/uploads\/2013\/08\/australsko-veleposlanstvo.jpg\"><img loading=\"lazy\" class=\"aligncenter\" src=\"http:\/\/usgpl.hr\/wp-content\/uploads\/2013\/08\/australsko-veleposlanstvo-300x73.jpg\" alt=\"australsko veleposlanstvo\" width=\"300\" height=\"73\" \/><\/a><\/p>\n<p>Ameri\u010dka ambasada u Zagrebu \u00a0<a href=\"http:\/\/www.zagreb.usembassy.gov\/\">www.zagreb.usembassy.gov<\/a>\u00a0 koji su nam donirali\u00a0 Braillerovu pisa\u0107u ma\u0161inu \u201ePerkins\u201c a koju je osobno donijela gospo\u0111a Marija Cvetni\u0107 Kopljar te je toga puta posjetila na\u0161u Udrugu kao i Knji\u017enicu u Pleternici. Ameri\u010dko veleposlanstvo je doniralo i financijska sredstava u iznosu od 30.000, 00 kn za osobni dohodak osobe koja radi na doniranoj pisa\u0107oj ma\u0161ini.<\/p>\n<p><a href=\"https:\/\/usgpl.hr\/wp-content\/uploads\/2021\/12\/Donacija-Americkog-veleposlanstva.png\"><img loading=\"lazy\" class=\"aligncenter size-full wp-image-1013\" src=\"https:\/\/usgpl.hr\/wp-content\/uploads\/2021\/12\/Donacija-Americkog-veleposlanstva.png\" alt=\"\" width=\"200\" height=\"200\" srcset=\"https:\/\/usgpl.hr\/wp-content\/uploads\/2021\/12\/Donacija-Americkog-veleposlanstva.png 200w, https:\/\/usgpl.hr\/wp-content\/uploads\/2021\/12\/Donacija-Americkog-veleposlanstva-150x150.png 150w\" sizes=\"(max-width: 200px) 100vw, 200px\" \/><\/a><\/p>\n<p>\u0160vicarsko veleposlanstvo u Zagrebu je tako\u0111er na\u0161 veliki donator koji nam je donirao jedan dio financijskih sredstava za nabavku tehni\u010dke opreme \u00a0te smo s njima u kontaktu preko gospo\u0111e Danijele Bu\u0161i\u0107, s kojom \u010de\u0161\u0107e se \u010dujemo putem telefona.<\/p>\n<p><a href=\"https:\/\/usgpl.hr\/wp-content\/uploads\/2021\/12\/svicarska.png\"><img loading=\"lazy\" class=\"aligncenter size-full wp-image-1014\" src=\"https:\/\/usgpl.hr\/wp-content\/uploads\/2021\/12\/svicarska.png\" alt=\"\" width=\"225\" height=\"225\" srcset=\"https:\/\/usgpl.hr\/wp-content\/uploads\/2021\/12\/svicarska.png 225w, https:\/\/usgpl.hr\/wp-content\/uploads\/2021\/12\/svicarska-150x150.png 150w\" sizes=\"(max-width: 225px) 100vw, 225px\" \/><\/a><\/p>\n<p>INA d.d u sklopu natje\u010daja &#8220;Zeleni pojas&#8221; kao sponzor projekta &#8220;Prijatelji prirode&#8221; nam je dodijelila sredstva za prenamjenu zapu\u0161tene povr\u0161ine, u povr\u0161inu sa sjenicom raznim sadnicama cvije\u0107a i vise\u0107om kuglanom na dobrobit \u010ditave lokalne zajednice. U narednim godinama sufinancirala je projekte &#8220;Ku\u0107ica u prirodi za slijepe osobe&#8221; i &#8220;Pou\u010dna staza za slijepe&#8221;.<\/p>\n<p><a href=\"https:\/\/usgpl.hr\/wp-content\/uploads\/2020\/12\/ina-logo-big-1.jpg\"><img loading=\"lazy\" class=\"aligncenter size-full wp-image-673\" src=\"https:\/\/usgpl.hr\/wp-content\/uploads\/2020\/12\/ina-logo-big-1.jpg\" alt=\"\" width=\"423\" height=\"188\" srcset=\"https:\/\/usgpl.hr\/wp-content\/uploads\/2020\/12\/ina-logo-big-1.jpg 423w, https:\/\/usgpl.hr\/wp-content\/uploads\/2020\/12\/ina-logo-big-1-300x133.jpg 300w\" sizes=\"(max-width: 423px) 100vw, 423px\" \/><\/a><a href=\"https:\/\/usgpl.hr\/wp-content\/uploads\/2021\/07\/Logo_min_rada.png\"><img loading=\"lazy\" class=\"aligncenter size-full wp-image-878\" src=\"https:\/\/usgpl.hr\/wp-content\/uploads\/2021\/07\/Logo_min_rada.png\" alt=\"\" width=\"523\" height=\"120\" srcset=\"https:\/\/usgpl.hr\/wp-content\/uploads\/2021\/07\/Logo_min_rada.png 523w, https:\/\/usgpl.hr\/wp-content\/uploads\/2021\/07\/Logo_min_rada-300x69.png 300w\" sizes=\"(max-width: 523px) 100vw, 523px\" \/><\/a><a href=\"https:\/\/usgpl.hr\/wp-content\/uploads\/2021\/03\/element2_A3-1.png\"><img loading=\"lazy\" class=\"aligncenter size-full wp-image-773\" src=\"https:\/\/usgpl.hr\/wp-content\/uploads\/2021\/03\/element2_A3-1.png\" alt=\"\" width=\"4961\" height=\"3508\" srcset=\"https:\/\/usgpl.hr\/wp-content\/uploads\/2021\/03\/element2_A3-1.png 4961w, https:\/\/usgpl.hr\/wp-content\/uploads\/2021\/03\/element2_A3-1-300x212.png 300w, https:\/\/usgpl.hr\/wp-content\/uploads\/2021\/03\/element2_A3-1-1024x724.png 1024w, https:\/\/usgpl.hr\/wp-content\/uploads\/2021\/03\/element2_A3-1-768x543.png 768w, https:\/\/usgpl.hr\/wp-content\/uploads\/2021\/03\/element2_A3-1-1536x1086.png 1536w, https:\/\/usgpl.hr\/wp-content\/uploads\/2021\/03\/element2_A3-1-2048x1448.png 2048w\" sizes=\"(max-width: 4961px) 100vw, 4961px\" \/><\/a><\/p>\n<p><a href=\"http:\/\/usgpl.hr\/wp-content\/uploads\/2013\/08\/HBOR_znak+logo.jpg\"><img loading=\"lazy\" class=\"size-medium wp-image-52 aligncenter\" src=\"http:\/\/usgpl.hr\/wp-content\/uploads\/2013\/08\/HBOR_znak+logo-300x124.jpg\" alt=\"HBOR_znak+logo\" width=\"300\" height=\"124\" srcset=\"https:\/\/usgpl.hr\/wp-content\/uploads\/2013\/08\/HBOR_znak+logo-300x124.jpg 300w, https:\/\/usgpl.hr\/wp-content\/uploads\/2013\/08\/HBOR_znak+logo-1024x424.jpg 1024w, https:\/\/usgpl.hr\/wp-content\/uploads\/2013\/08\/HBOR_znak+logo.jpg 1472w\" sizes=\"(max-width: 300px) 100vw, 300px\" \/><\/a><\/p>\n<p style=\"text-align: center;\"><img loading=\"lazy\" class=\"aligncenter\" src=\"data:image\/jpeg;base64,\/9j\/4AAQSkZJRgABAQAAAQABAAD\/2wCEAAkGBhQSDxAUERASFRUVERgQFhEVFhAaFRIYFxIXFRQYGRgYHSYeGBkkGRUVHy8gIyoqLSwsFR4xNzAqOCYrLCkBCQoKDgwOGQ8PGi8lHiQ0LCkpLykqKSo1NSwsLSwpLiwpLSwvKikpKSktKSwpKiw1NTUpLSwuLCksLC41MCktLP\/AABEIAMgA8AMBIgACEQEDEQH\/xAAcAAEBAAMBAQEBAAAAAAAAAAAABQMGBwQIAQL\/xABHEAABAwIDAgsEBwYEBgMAAAABAAIDBBEFBhIhMRMWIkFDUWOCosLiB2FxkRQjMkJSYoEVkqGxwdFystLwCERTVJOzJDM1\/8QAGwEBAAIDAQEAAAAAAAAAAAAAAAEEAgUGAwf\/xAAtEQEAAgIBAQYFAwUAAAAAAAAAAQIDEQQhBRIxUWGxMkFxwdGBkaETFCIj8P\/aAAwDAQACEQMRAD8A6Vh2HcLq5WnTbmve9\/eOpe3i52nh9SZc6Xu+ZWkEXi52nh9ScXO08PqVpEEXi52nh9ScXO08PqVpEEXi52nh9ScXO08PqVpEEXi52nh9ScXO08PqVpEEXi52nh9ScXO08PqVpEEXi52nh9ScXO08PqVpEEXi52nh9ScXO08PqVpEEXi52nh9ScXO08PqVpEEXi52nh9ScXO08PqVpEEXi52nh9ScXO08PqVpEEXi52nh9ScXO08PqVpEEXi52nh9ScXO08PqVpEEXi52nh9ScXO08PqVpEEXi52nh9S8WI4dwWnlX1X5rWtb3nrWzqLmPou95UDLnS93zK0ouXOl7vmVpAREQEREBERAREQEREBERAREQEREBERAREQEREBERAREQFFzH0Xe8qtKLmPou95UDLnS93zK0ouXOl7vmVpAREQEREBERAREQERT8ZxyOmZqkO\/Y1gtqefcP67lEzERuWVa2vMVrG5UFPrswU8JtLPG0\/h1Au+Q2rnuMZrqKgkBxiZtGhhIJH5nbz+lgoRpFRvzIj4YbrD2RMxvLbXpDprs\/0Q\/5jwyf2WWnzxRPNm1cYP5iW\/xcAFySemUyphCwrzLT4w2NexOPaOlp\/j8PoiOUOALSCDuIIIP6hf2vnLCsfqKR96eVzPy72O+LTsK6rk72mx1RbFUARTE2ba\/BynqF\/sn3H9CrlM1bNbzexc3Gjv1nvV9PH9YbwiIvZpBERAREQEREBERAUXMfRd7yq0ouY+i73lQMudL3fMrSi5c6Xu+ZWkBERAREQEREBERB4MaxZtNC6R222xredzjuH+\/euYzzyVEhklddx+TRzNA5gFUzpipmq+DB5EPJt1vP2j\/IfoetYqKAbFqeTk79u7HhDo+Hgjj4u\/PxT7PKKRY5IVsNZRBoFje6j1IVa1dLVMvfbTl6ioZmAMjY6RrRra\/a8HnNjvF+cbFebhEI3QRfuM\/sucYHgbqioZpLmaCHmVtw5nwPWd3zXU1tePMXrvTRc2tsWTUXmfn9GBtDGN0bP3W\/2X6KNl76GfutWZfjnAAkmwG2\/UrOoUe9Pm\/Vjp5w9oc3cdx69u9cfz97U3SvMFC60bXcuf8A61j9lvZ9Z+98N\/UsuVzZqOnkj+y+JrrdRtyh+jrj9FEWiZ1Cxl4mXFjrkvGolSREWSqIiICIiAiIgKLmPou95VaUXMfRd7yoGXOl7vmVpRcudL3fMrSAiIgIiICIiAsVXUCON7zuYwvPwaCT\/JZVMzMT9CqtO\/gJP8hv\/BRM6hnjr3rRHm5HS1Jc4udvc4vPxJuf4lbDSz7FqFJNuVeCrWgmeruORh30hfkqNi8QjdLI1jBdzjYD\/fMvG6rW\/ZRwHgmcJIPrHjcd7G9XxPOvbFjnLbX7tXnvHGp3p8fkqYNhTaeIMbv3udzudzle5F5MUxWKmidLPI1jG73H+AA3knmA2lbmIisahzUza9tz1mWepqWxsc97g1rQXOc4gBoG8kncFxLP\/tHfWl0FMS2mGxztodUfHqj\/AC7zz9S8Ods+y4i8saDHTNN2x\/eeRudJbn6m7h7ztWs2sNirZMu+kOu7K7F1rNnj6R+WJwAC7N7FMTL6KWIn\/wCqYke5rxq\/zalxiUrp3sKcddb1Wj86jF8S125WJ40+mvfX3ddREVtwoiIgIiICIiAouY+i73lVpRcx9F3vKgZc6Xu+ZWlFy50vd8ytICIiAiIgIiICwV1PwkUjPxscy\/8AiaR\/VZ0RMTqdw+dI3lpLXbC0lpHUQbEfML3RVK9vtLwU01e54H1c95Wnqd0g\/eN+8FOyvhj6yoZEzZfa53Mxo3n+nxK098MxbUPo0ZMeTjxyN9Nbn7\/hu+Q8B4d\/DSD6th5IP33f2H810peegoWQxsjjbZrRYD+\/vWs529okNA0sbaWoIu2EHYy+50hH2Rz23n+K2OLHGKmnD8jLfm5\/8I9Ij\/v5V8zZohoYeEndtNwyMW1yu6mj9Rc7hfauEZpzXPiEuqY6Y2n6uAHkx\/6ndbj\/AAC8WJ4pLVTOmqJC95+TRzNaNzWjqC85XlfJNukeDrey+xa4P9mXrb2fll+OKErG968nQ2tqGOQrr3sOoSKeolP35NI94aLfz1LkEURke1jQS5zg0AbySbBfSOTMHFNRQxjmbtPWec\/O6sYo67ch27yI\/pxj859l1ERWXIiIiAiIgIiICi5j6LveVWlFzH0Xe8qBlzpe75laUXLnS93zK0gIiICIiAiIgIiIImbstNrqV0RsHDlxv\/A8DZf3HcfcV5MkZUbQU3L08K7lyvG4W3NBP3QP6lbK87DYX2butajmPL1RiML43yup2X2MaTyrfjt9se7YPjvWE1jfe+a3Tk5P6f8AbzbVJnctazv7W7aoMPIJ+y6qtdresRD7x\/MdnVfeOXWJJc5xc5x1FziSXE7ySdpKr49lGoonESxHSN0rblhHXfm\/VRdaq3taZ6u57M4vGwY4tjmJmfmyL+S5Y3SLG6RYabS2aIZXPWB7lmo6OSZ2mKNz3dTRf58w\/VdMyT7KTdstVYkG4ZvY09Z\/Gfdu+K9K0mWo5vaOPDG7T18mL2WZFcXipmbbZyGne0H73xI3e655wuxAWWOnpwxoa0WAWVWqxqNOG5HIvyLze4iIslcREQEREBERAUXMfRd7yq0ouY+i73lQMudL3fMrSi5c6Xu+ZWkBERAREQEREBERAREQY5oGvBDmgi1toC1bE\/ZhRTEngQ0nnbdv+UhbaiiYifF6Uy3xzukzH0lzaT2K099j5P3z\/pXppPY9SsN3N1\/4nPI+WwLoCKO5Xye883kTGpvP7pOG5ZghaAyNoHUAA35D+qqgL9RZKszMzuRERECIiAiIgIiICIiAouY+i73lVpRcx9F3vKgZc6Xu+ZWlFy50vd8ytIMVXMWRvcGOeWtLgxttT7AkNbfnO4fFc1xH2o4hBG+WXApI427S982xovYXsz3hdPXIvbZjD55aTDKfa+WRr3j3k6YWn3X1PPUGgoN19n+bZMRpXVD6cQt4QsYA8u1ho5TtrRYarj9CtoUE5ffBhgpaGVsT2QiKOZwuGm41PI23J5R+JXMs3Pmw+LhosxST1LHtDqdzoiH8qx+qBOm172PN1IO1ouPYz7QKuumw2jopBTvqYI5ppmi5ZraXODb7mgNJ6zcC43nEyqrMPx6koziNRURSt1vEtje8cptY3ttYDsKDsyLhGRaytxAVNVPi1RG2kLJnRtHIe2zpHts1zQBpjI3HevVhOK1OJtnq58bFAwSlkEDXxtaLAG7gXNLhttzkkE7NgQdNzxm9mG0bp3sMh1CNkYIGpzrkXO2wsCSbHcqmDV\/D00Exbp4WFkum99Otgda\/Pa64BmPOMtbghjqHiSWmxBjDK21pWOim0O2AAm7H7ecAFbRUz4nhuG0dbHXfSIBFBrpZImNEbHRt0hrm7SBcNvsPPt3CR2NFomMRy18VPVMxV1DRvp2vLW6Gvc9xJN5HEBthpHPtB2LV8sZykpMWfSuxE11IYHy8MS1zo+DidI7lAm5AY4HbY3BsFA3bMmOYhTTkQUTaqKRobEWEtdDJ21yQYzv1C1rWXmlz86GvoMPmjbJUTMaZpWEtijJY51mNNy77HORvHwGq5b\/aOOPmqTXy0dM2QxxRQ7yRt27RewIu43ub2AUbF3upMyYeayoDzDC0y1JFtemKblEcxI07OvrUjvKLmOSMQrsSnq63h5Iaaz4qWnNtBdpLWveLbQ3YT1uJ\/CpeaKCejgkldmSQ1cbdfAF0TWvOwloiuSD1XH6KB2Jann7PzMMZBeIyyTPLWM1aWgN063F1ju1t2W23Xo9nuYn1uG088oHCOBa8gWDnMcWlwHNe17Ln\/wDxBDl4XY2Oqex6ttMg7Ii5TmHGcQwWamlqKz6bSyycHIHxMY9hsXHTp\/KHEbbckg8xVnNGDSyTPmmxx1JTOAEUcZjZ90XJkcRqJO2wvs50G+ouJYHn6qZHjNP9M+k\/R6d89PWWaSQ17Ge8OBDwdt7EHaV48PixCbB5cTGMVIfGZDwP3SGSaTtBtc7\/ALPuQdN9oWfmYXBG8xGV8ji1kerSOSLuJdY2AuObbf8AVbWvnLPWZZK7CMLmmsZBLUxPcBbWWcGA624Ei36rfhmCpxTGeBoqiSKipT9dLGR9e7VtaHdRLS0W5g49SDqCLm+YsBmEkslXmJ9KHPc6GJhjjbG3VyAbuBksLXt81l9jubZ6yCpjqZBK+nlDBPsvI1wda9t+1h284IQdDUXMfRd7yq0ouY+i73lQMudL3fMrSi5c6Xu+ZWkGCtrGxRSSSO0sYwyOd1NaLk\/IL56yrnim\/bNRiFeX3Oowsawv0l3Jbe27TGLe8m6+iZoWvaWvaHNIsWuAII94Owrw8XaX\/taf\/wAUX+lBzvNvtDbiGFVww36Rqjax0ruDc20RkAkAd16dRt1B3UVqWJVmFjLrWU3ACrLYtd2jhy\/W3heURe2\/cbWXfKakZG3TGxrG3vpY1rR8hsXiflqlLtRpKcu\/EYYS756boOF0V8PqcFxGRjjTvpY2PeAToIY6N4+NiHAc+225UsRzHBW5noJaaTWwNDNVnDaIpiRY\/ELfc5YrX0srfotBFU0hia10ZLGlr9bhYXNrEFmyx2rWcq5SrKrGGV9XSNo4oR9XANI3Mc1oDRzcpxJNvgpHl9iGDOlw\/FGkFrJwIGvtsJ4GRriOu3CBaxlGnw2lkqIMbpntmjk5JImLbWsWlrD1i4duId7l9FwwtY0Na0NaBYNaAAB1ADYFgrsJhmtw0EUlt3CMY63w1A2UDheecSoJsKf+zabgo2V0Ubn6NPCngJiN51EC53\/iVLNeeqabAqaippOGqJIaeExsa8lhY1moHZtddukAXuSuxuw2IxiMwxlg3RljNA+DbWCxUeBU8TtUVNBG78TI42n5tAKDhtRhjaXEcKgxcEUkVG0NDtRiEhY5z72uDaR1ne4N5rL1SspanMbI6J0Ihko5IAYWtDGl9NKx2wAC41XXcauiZK3TLGx7fwva1zfk4ELz0eBU8JvFTQRnrZHG07d+1oCDkfs3zvHhLJ6DEmvgfHK6RrtLiDqA1DZt3i4duId7lPxmlZjGP0hYx5gnpRI7ZZzIw2VoeerlBpF+sD3Lt9bhMM1uGhik07tbGO0\/DUDZZ46drSS1rQSACQACQNgGzmCDh2DY\/VUMGI4Q8u+kMjeaR7b3d95zWc\/KZqey229xvsvNgFdhbcCqA8wiudFKHGVt5S8l2nQXA2Frbufeu6zYbE97Xuijc9trPLGFzbG4s4i42rBUZeppH65KWne\/frdFEXfMi6DVfYr\/APi0\/wDjl\/8Aa5ar\/wAQTgH4WTuDpz\/GmXYIKdrGhrGta0bmtAAHwA2LHWYfHKAJYo5ANwe1rgL7\/tAoOPe1HNUOKNpKLDnfSJHz8ISwO0ts1zALkfmLidwDfevJSup4swVQxktLY4wym4cExaW6RGQLWsWBx6rl3Ou00OEQw34GCKO+\/g2Rsv8AHSAv2uwyKYATQxyAbhIxjgP0cCg+fmTRPrMxupywxGhlMegAM08LBbSBsAW2ZOpHS5QqWRtLnEVNmjaTaUnYOc2G5dRgwKnY1zWU8DWuGktbHGA4b7EAbR7l6KakZG3TGxrG3vpa1rRt37BsQfMtVTOkwbC2RtLnvrapjWjaXOPAgAfqt5pJTl\/GXRONqCsdqa47ouVYG5\/AXaT+VzTzLsLaNgIIjYCCXXDW3Bd9o3tvNhfrX81dBHKAJY2PANwHta4A2tcagg4hkSto21le7G+D+l8KLGpGptturSHAjfa35dNtiuewZwLsVLbaTOwttusTNa3utZdNq8Cp5dPC00MmkWbrjjdpA3AagbBZqPD44gRFFHGDvDGtaD+6Ag9Ci5j6LveVWlFzH0Xe8qBlzpe75laUXLnS93zK0gjZwlLaCpcCQRGTcEgixFzcbRsUerxJ5xIxwzkNkNPGXN0O0\/U1kp06gWgnRHfZustwc0EEEXBFiDuK81PhcMYAjhiYA7WA1jAA4t0lwsNhsSL9SwmszK5hz0pSazG566\/XXtpz+nxV89Sxk7miN0kMcz2gRmTSKwMa9zbbHPjZyb2ubc9lUfikrJeDikcI\/pf0RjWCE6WtphKNLpN7y645RItcAXstrOFQ2e3gYrPADhoZZ1iSNQtt2uJ29ZT9kQ8GY+Ai0EgmPQzQSLWJbax3D5LGKT5rN+bitPwdPDXTX1+v26NIxHEKiWKRtQ9rTDLSAxtEZ4XXUNIkc4XsLACzTa7Xb168jTPdLMdez6JTubCAxsbS4z\/ZaByfs82\/Ub32W2o4LB9X\/wDHh+r+x9XH9XY3GnZydu3Ys0VBG0gtjY0hugENaCG3vpBA2NvtskUne9ovzcc4rY611v0j099fpv0c8\/bDoaOKdg1VEsEjn1LpHl7JWOHCsMRGkAXsBfZbd1+7E8x1MUUz2z6nMqJqURFkVwI4HvbIbAHVyQ\/8Ok7udbe\/BoC5zjTwlzhZzjHGXOHvNrncN\/Uspw6PhDJwUfCEaTJobrI3W1Wvb3J3J82U83DM7mm\/Hx1P0j0iPT9moOzDO+tigbNoY9kDi5rYyRrpp5HEFwI2mNh+AWyZbr3TUsUjy0ucDdzRZr9Ly0OA5g4AO\/VYajKVM50R4CJrWPMhjbHCGSEsczlt07bBxI96rsYAAAAABYAbgFNYmJ6q\/JzYb0iMddeHyiPDfv0l\/SIi9FEREQEREBERAREQEREBERAREQFFzH0Xe8qtKLmPou95UDLnS93zK0ouXOl7vmVpAREQEREBERAREQEREBERAREQEREBERAREQEREBERAREQFFzH0Xe8qtKLmPou95UHiw7EeC1cnVqtz2ta\/uPWvbxj7LxelEQOMfZeL0pxj7LxelEQOMfZeL0pxj7LxelEQOMfZeL0pxj7LxelEQOMfZeL0pxj7LxelEQOMfZeL0pxj7LxelEQOMfZeL0pxj7LxelEQOMfZeL0pxj7LxelEQOMfZeL0pxj7LxelEQOMfZeL0pxj7LxelEQOMfZeL0pxj7LxelEQOMfZeL0pxj7LxelEQOMfZeL0pxj7LxelEQOMfZeL0pxj7LxelEQOMfZeL0rxYjiPC6eTp03573vb3DqREH\/2Q==\" alt=\"\" width=\"200\" height=\"160\" \/><\/p>\n<p style=\"text-align: center;\"><img loading=\"lazy\" class=\"aligncenter\" src=\"data:image\/jpeg;base64,\/9j\/4AAQSkZJRgABAQAAAQABAAD\/2wCEAAkGBhQPEBIQEBAQFRIQECAQFRUVFBcUFRgbFRkXFBUVExUYHCYfFxkjHhIUHzAgIycpLSwsFR4xNTAqNSYrLCkBCQoKDgwOGg8PGTMkHyQyNjA2LCwsLDQ0LCw1LTIvMio0LCwsLCwpKTQ2LCwsLCwsLCwsLCwsLCwsLCwsKSwsLf\/AABEIAMgA+wMBIgACEQEDEQH\/xAAcAAEAAwEBAQEBAAAAAAAAAAAABQYHAQQDCAL\/xABLEAABAwICBQcGCwUGBwEAAAABAAIDBBEFEgYHITGBEyJBUWFxsTIzNJGh0hQXI1Ryc3SCk7LBQlJikqIWNVPC0fAVQ2ODw+HxJP\/EABoBAQADAQEBAAAAAAAAAAAAAAAEBQYCAwH\/xAAvEQACAQMCBQIEBwEBAAAAAAAAAQIDBBEhMQUSE0FRcZEUUmGBIjIzNKGx4fAV\/9oADAMBAAIRAxEAPwCDREWyMEEREAREQBERAEREAREQBERAEREAREQBERAEREAREQBERAEREAREQBS9B5tvHxKiFL0Hm28fEriex3DciERF2cBERAEREAREQBERAEREAREQBERAEREAREQBERAEREAREQBERAEREAUvQebbx8SohS9B5tvHxK4nsdw3IhERdnAREQBERAEREAREQBERAEREAREQBERAEREAREQBERAERCUARAV1AcREQBS9B5tvHxKiFL0Hm28fEriex3DciFdtXWjkFYJ\/hEefIW5ec9tr5r+SRfcFSVpGqHdVd7PByjXsnGi2mS+HxUq8VJZX+Fh+Lqh+bn8WX31D6XaFUlPRzSxQ5XsaC08pIbXcBuLiOlXxV\/T7+7qj6I\/M1UdGtUdSKcnv5NFXt6SpSaitn2MTXtwSmbLUwRvF2vmaxwuRcFwBFxtC8SkdG\/TKb7Qz8wWkqaQfoZKkszin5NW+Lqh+bn8WX30+Luh+bn8WX31ZUKy3XqfM\/c2fw1H5F7FJwjRTD6h07BT2fTzuhcOVl6DzXeX0j2gqS+Lqh+bn8WX31SIcfNFjE7yfk31Do5fol3lfdO3uv1rWmuBAINwdoKk1+rSafM8NZ3IlqqNZNcqynjYo2lGr6nbSyvpoi2WMZxz5HXDdrm2c47xdZYv0YQsO0xwX4HVyRgcxx5Rn0XbbDuNxwU3h1w5Nwk\/qQOKWsYJVILC2I3DaB1RNHCzypHhg7L7z3AXPBa9Hq5ogADASQLE8pJt7djrKu6qcDuZKx43fJR\/53eA\/mWkLwvrmXU5YPGCRw60j0ueaznz4K18XVD83P4svvqLg0WoJKySlbT35GEPeeVl2OcRZvl9RvxCs2keNtoqd8ztpAsxv7zj5I\/17AVRNVc7pKqpe8kufFmcT0kvuSvKn1ZU5VHJ4X17ntVVGNWFJRWX9Oxavi6ofm5\/Fl99Pi6ofm5\/Fl99WRFF69T5n7kz4aj8i9it\/F1Q\/Nz+LL7647VzQn\/kEd0sv6uVlui+9ep8z9x8NR+Rexn+L6qGEE0srmu\/dk5zT2ZgLt9qzvEMPkp5HRTMLXt3g+wg9IPWF+hFVdYOjgqqZ0rW\/LQNL2kDaWja5nbsuR2jtU61vpqSjUeUVt5w6Dg50lhrt5McUhg2By1knJwMud5J2NaOtx6B7V8cMw59TKyGMXdI7KOodJJ7AATwW5YDgUdFCIoh2ucfKcelzj\/uysLu66Kwt2VdjZO4eX+VFbwfVdTxAGoLpn9Vyxg3bgNp4ngrLBo\/TRizKaAAdUbf9FIL+JZmsF3Oa0dZIA9qoZ1qlR\/iZpoW9KkvwxR4p9H6eQWfTQHvjb\/oq5jGrCnlBMBdC\/su5nFpNxwIVvina8XY5rh2EHwX0SFapTf4WJ29KovxRTMExzR+aikyTMtfyXDaxwHS0\/odqjVv+M4NHVwuhlbcHcelp6HNPQQsNxjC3Us74JPKjda\/QRva4dhFle2l31liW6M1fWXw75o\/lZ4lL0Hm28fEqIUvQebbx8Spk9iDDciFpGqHdVd7PByzdaRqh3VXezwcot\/8AoP8A7uTeG\/uI\/f8Ao0VQumNE+eimjiaXPc0ANFrnnA9Jt0KaRZyMuWSkuxqpxU4uL7mH\/wBh635pJ\/NH7y92BaHVkdVA99M8NZM1zjdmwBwJOxy2JFPlxGpJNYRWR4VSi08sIUQquLYwjSv06q+0O8StE1aaRcvB8He68kA2X3ln7Jv2eT6lnelfp1V9od4lfLAMYdR1Ec7duQ84fvNOxzfV7QFo6tDrW6XfGnsZOjcdC5cu2Xn3N8VS1haNOrIo3QtvLG8AdrXkNN+45XdwKtFJVNljZIwgte0PaesEXC+qoKc5Up8y3Rp6lONaDi9mePB8MbSwRwM3Rsy36z0uPaTc8V7EVc060i+B0xym0s144+sfvP8Aug+shIxlUnhbsTlGjDL2RQtYukXwmo5FjrxU5yi25z9zncPJHcete7VJ6RP9SPzBUVXrVJ6RP9SPzBX1emqds4ozNtVdW7U5d2akonSud0dFUPY4tc2EkOabEHrB6FLLwY9h7qimmhYQHSxlgJva567KgptKSyaeom4NLfBi39qav53Ufiu\/1UzorptUsqYmSTPljkkDHNecx5xy3a47Ra97XsvT8U9T\/jU\/rf7imtGtWfweZk9RK15jOZrGA5bjcXOO02O21huHcryrWtXBrT2M7Rt7xVE3lerL4v5ey4IO4ix4r+l56+rEMUkrvJjYXn7ov+ioVuaVtJalB1X4MBLUzkD5Nxp2eu7u7Zk9ZWjKp6s2f\/hz22yTPefXb9FbFIupOVV59CLZwUaMcd9fc8GO4u2kp5J3i4YNg6ydjW8SQsOxbGJauQyTvLiTsH7LR1Mb0D\/ZWj62ZyKWJnQ+fb91risrVpw6lFQ5+5TcVrSdTpp6I9eGYpJSyCSF5Y4Ho3HscNzh3rb9G8bFbTMnAsXCzm\/uuGxw\/wB9BCwVadqjqLw1EfQ2UP8A522\/8a+8RpRdPn7o+cKrSVXp9mX9Z3rawwWhqQNoPIuPYbubfjm9a0RVfWTEDh0pP7L2OH87W+Diqq1k41ov6l1ewU6Ek\/GTGlL0Hm28fEqIUvQebbx8StNPYyENyIWkaod1V3s8HLN1pGqHdVd7PByi3\/6D\/wC7k3hv7iP3\/o0VeTFMSZTRPmlvkYLmwudpA2DivWq\/p9\/d1R9Efmas7TipTUX3ZqasnCEpLsjxfGfR\/vTfhlfWk1jUksjImGXNI8MbeMgXcbC5WNqR0b9MpvtDPzBXc+HUoxbWTPQ4pWlJJ4N7QohVCaUwjSv06q+0O8SolS2lfp1V9od4lRK1tH9OPojD1\/1Jer\/s0rVZpBmDqN58gGSLuvz28CbjvPUtDWP6sfTx9S79FsCoL+CjWeO+pp+G1HOgs9tDjnWBJ3DasO0u0gNdUukB+TbzIx\/CD5Xe7f6upbbVeQ\/6B8F+dmbh3KRwyCcpSe6InF6jUYwWzOq96pPSJ\/qR+YKiK96pPSJ\/qR+YKxvf0JFXw\/8AcRNSRFH4\/iDqelmmYAXRxl4B3XHXZZlLLwjXSkopt9iQRZP8a1V\/h0\/qd7y+c2tOrI5rYG9oYT4uU7\/z63j+Su\/9S38v2Nbc4AXJsAsw1g6atnBpKd12X+UkB2Ottyttvbfeemyq2KaTVNVsmneWn9kc1n8rbA8bqLU62sOnLmm8srbvibqx5KawjXdVtQHUOXpjmcDxs4fmVwWWaqsXEc8lM47J25m\/SZe44tJ\/lWpqtvIOFaX11LewqKdCP00KVrVpM1Gx4HmpgT3OBbt4ketZOv0LiFA2oifDILskaWnj0jqI38FjmO6DVNK8hsb5Y7817G5rjozNG1p9nap\/D68VHpyeCs4pbTc+pFZRXVqWqWlIp5pD+3NlH3Gjb63EcFTMG0Jqal4HJPjZfnPkaWgDpsDYuPYPYtiwnDGUsLII\/JjbbbvPSSe0kkr7xC4i4dOLyz5wu2mqnUksJHsVU1mVAbh72n\/mSMYODg\/wYVa1mWtfFw58VK035P5V\/YXbGjvtc8Qq60g51or7ltfVFChJvvoZ+peg823j4lRCl6DzbePiVpZ7GRhuRC0jVDuqu9ng5ZurVoRpfHh4m5SOR\/KlpGTLsy333I61HvISnRcYrUlWNSNOupSeEbGq\/p9\/d1R9EfmaoT424Pm9R\/R7yjNJNY0VXSywNhma6QAAuyWFiDts6\/Qqala1lOLce5fV72hKnJKXYoKkdG\/TKb7Qz8wUcvVhVWIZ4pXAkRyteQN5DSDYX7loaizBpeDL02lNN+T9BIVRPjbg+b1H9HvJ8bcHzeo\/o95Zr4Ot8prvjrf50UPSv06q+0O8Sole3Ga4T1E0zQQJZS8A2uLm9jZeJaSmmoJPwZKq06kmvJbdWPp4+pd+i2BYZojjraGpE72OcAwts21+dbrI6lePjbg+b1H9HvKovrepUq5jHKwXnDrqlSo8s5YeS7VXkP8AoHwX52ZuHctQm1sQOa4fB59oI\/Y6fvLMGjYO5e\/D6M6fNzrBH4pXp1eXkeQr3qk9In+pH5gqIrHoVpMzD5ZJJGPeHx5AG2uLG+25Cl3UXOlKMdyDZzjCvGUnhG1KG0y9AqvqHKu\/G3B83qP6PeXhx3WXDU000DYJgZYywE5LC\/XZyo6dpWU03HuaOre0HCSU+xni4uri0pkgiIgPrTVDo3tkY4texwc0jeCNoK2nRLStlfF0NmYPlGf5m9bT7NyxFfalq3xPEkb3Me03DmmxCiXVqq8fqTbO8lby8p9j9DoszwbWu5oDaqLP\/HHYHiw7DwI7lY4NZNE4AmR7ex0btn8oKop2laD1j7Gkp31CaypY9S0oqvPrIomg2lc63Q2N+3uuAq7jGtgkFtLDl\/jk2ngwfqeC+QtK03hR9xUvqEFly9i36U6UR0ERc4gyOFo2dJPWepo6SsTrKt00j5ZDd8ji5x7T+i7W1z53mSV7nvdvc47e7sHYNi+CvbW1VBfVmcvLx3EvCQUvQebbx8SohS9B5tvHxKkz2IkNyIREXZwEXVxAERdQHERdQHEXVxAERdQHERdQHEXUQHERdQHEREAREQBF1cQBF1cQBF1EBxF1EBxS9B5tvHxKiFL0Hm28fEriex3DciF\/cURe4NG9zg0d5Nh4r+FPaD0XLV8Atsa7lD9wF3iAvlSfJBy8H2lDnmo+WXnS3RCCPD5DFDGJIWB2cNAcQy2a56bi6oOh9K2WugjkaHMc8gtIuDzSdoWqUtR8Iqa+meHZAxjB0DK+Mh1j3krM9DYDHicDHeUyVzD3tDgfaFVW1SXSnGT1xn3Rc3dKHWpyitM49mfTWDQRwVpZExrG8k05Wiwub3NuCsGrzB4JaSaWeCOQslO1zQTYNabC\/FQ2s7+8HfUs\/wAys2q+3wGfN5PKuv3ZG3XdaT+Ei8+DihCPxsljyePF8Bo6ygfW0cfJOjaXWAyjmeU1zdovbcR2L56uMIgmp55J4Y35JN7m5iAGgm3tXzxrS2khonUWHhxD25S4hwADvKJL7Oc47t3gpDVZl+CVOfyeV53dkF93YvKXUjbyzla6Z3we0OnK5jjDeNcbZKpphiFHMYvgUYZYHPZmS97Ze\/pVcU9pZ8DMkfwDzeTn7HjbfZ5wX3KdqtB6NkT3trrubGXBueLaQCQ317FOhVhShFPOvncralGdapJrGnh6fYquj1Dy9XBERcPlAI\/hHOd7AVeNZGjUMNMyaCGOMslAdlAbcPBG22\/aG+1RGq2hz1jpOiGIni\/mj2ZvUrU95rsPrmEOu2aUMBBvzXcoy3X1KLc1nGusPRYz9ybaUIytpZWss4+xTdXOHxz1bmTRse0Ql1nC4vdovbiVcKnRnD6x09PExsU8GwlgykXFw4Dc9u3\/AObFV9Vfprvs7vzMUthJP9oJ7XsQ7N3ZGWvxsvlzzdWTTawsnVpy9GClFPmlgqmCYVlxKOmna12Wo5N7TtabX9YNgVoNVhmHGqFC6lYJHx52lrcoO\/YHNNwdhPBVyut\/aFtv8Zl+\/kh\/6V8dhkDqp1TlLqiGIN3nYCCRlbuuecL968rmq24ybese3k9bOikpxSWku\/gyHSDBRSVrqcElge0tvtOV1iAfWRwVh1nYTDTmm5GKOPPnzZWgXtydr27z61WsWxZ1XWGdwyl8os3flDSGhveLbe26uGt3fS\/9z\/xKW3NVaSk+2vsQkoOjWcVplY9zx6ssAjqHTyTxte1gDGhwuLm5Jt1gAetRGnmEtpq17Y2Bsb2iRgAsBcWIHFp9atGA3pMEfM0HPK7PsBJsXtj6P4WlfLWvR5m01SBvvGeIzt\/zeteVOs3dPXR5Xse1ShFWaWNVh+5nSsWgNEyauZHKxr2FjiWuFxsGzYpDANEaWop2Sy1nJvde7M0YtYkDYdvQu6FUzYsXMbHZmM5RrXbDcAbDcbFKrV4yhOMd0iHQt5RqU5SxhtFrqNGqCqkmpGwNjmhaDmYMpGcXa4W8odYP6rJp6cse6MjnNeWW7QbeIW3skiM1WynyisyNLi4H935I9rR2fqFkmj+HOlxCKF453wjn3\/6ZL337eYVFsqjSm29Es6+hN4hSTcFFLLbWnr\/Zf8X0Mgbhzw2GMTx04dnA55cwAkk9uU+tZxo5C2Ssp2PAc187WkHaCCRcEdS2CCuz19TTuByinZ123vzWP\/cHqWV4PSGHFIojvjrAz+V9r+xc2tSXJNSeuM\/wfbylFVKcorTOPZln1g6Kxw8hPBE1jOUEUjWiw5xu1xHrHEL46zcHhp2U5hhjjLnOBytAvYC11dsUcyofJQvtd8AmZ13a8i\/3S2M8VVdbnkUv03eDV5W1aUp04t7ZPe7oQjTqTit8fZn8Yho5E7Cqd0UMYnl5JucN5xLy0Ek8V4tYVBT0kUFNDEwSEZnPyjOWtGUZndbjc\/dV0wKRjaGi5QbCyMN+kQAz2rO9ZUD217nPJLXsaY+rKBaw7iHeu\/Su7acp1uVvRNv1PO7hGnQ54rVpL0Kqpeg823j4lRCl6DzbePiVcT2KKG5EK5atKyGCaaWeaOP5MRtzuDb5jmda\/wBBqpq6ua1PqQcM7nVCr0pqaWcGn4LrLEtS6OfkY4edlkuRuPMzEmwuPaoAVcEeNiZs0ZgMvKcpmBYMzCTzvpEhU9FHjZwi3y6ZWP8ASVK+qTSUtcPP+GmaVRYbVcrUGqjMwhIYGzCxLWuLBl6dtl5NAsaggop45Z4mPc9xDXOAJuwAWB7Vn10Xz4NdPpuTwfXfPqdRQSev3ycC0LVzi9PDTTx1E8ceeTc5waSC0AkXWert171qKqw5WyNb13QnzpZLFpdh1HDyQophJe+f5QPtbLl3bulVyy6uLunBwjhvJxVmpycksfRF\/wBXuLwUdNUSSTRCVzriMus4iNt2gDpuSbKU0Y1itqDI2sMEIDQWm5Ade4cLuP0fWVlqKLUsoVHKUnq\/4JlPiFSmoxitF\/JcdCKuGlxCYvmibEGPYx5cAwjOMuUnfsCtE2kWHUb5qqOVss8+05DnJtazQRsYNg39XSsmRKlnGpLmcn49RSv5UocsYrfPoTuDYtnxKOpnc1uaflHuJs1twenqGwK6HS6FmK5hPGYJqYRueHDI1zC5zSTxI+8suRd1LSFR5fjBxSvZ0lheck5pO2Jte98EkbonyCUFhBaMxBcNm6xue4hTus7F4ag03ITRyZc98rgbX5O1+q9j6lRkX34dc0JZ\/Kc\/FPlnFL8zyahiOmsVDSU8VI+CZzWiNwzXsGt2k5TvJHtK82kmkUFfhd3SxNqBaTks4zZmus4AHbtGYjgs4ReUbGCaaeqecntLiNSScWtGsY8HLKxaA1scFcySV7WMDHAucbDaNm1V1dUupDni4vuQqVR05qa7Guz6R4fTSzVbahskszA0tYc5swbGtA2Nv1kqpaD4nF8PmqqmSOLMHPGZwAzSuuQL9Quqeiixsoxi45eumfoTJ38pTjLlWE84+pp9FrLD60xP5FtPnc0S3O5t8jiSbWNh61AYvVw\/8ZjnjmidE6WOVzw67W2sHZj0eTfiqei+xs4QeY6aYPk7+pNJS1w8\/wCGg6S6UxsxKlqIJWPYyPJIWHMMrnEOBt2G\/AL56zcZhqGU4gmjkLXOLsjgbXAte25UJEhZxhKMk\/yid9OcZxa0l\/BoeK4\/D\/wiGOOeMzxtiOQOBcCwtJuOyy+WnOKU9dSQTsmi5dliY84zgPAD223mxA4AqgokbOMWpJ6p5\/wTvpTi4taNJe3c4peg823j4lRCl6DzbePiVKnsQ4bkQiIuzgIiIAiIgCIiAIiIAiIgCIiAIiIAiIgCIiAIiIAiIgCIiAIiIAiIgCl6DzbePiVEKXoPNt4+JXE9juG5EIiLs4CIiAIiIAiIgCIiAIiIAiIgCIiAIiIAiIgCIiAIiIAiIgCIiAIiIApeg823j4lRCl6DzbePiVxPY7huRCIi7OAiIgCIiAIiIAiIgCIiAIiIAiIgCIiAIiIAiIgCIiAIiIAiIgCIiAKXoPNt4+JRFxPY7huf\/9k=\" alt=\"\" width=\"200\" height=\"160\" \/><\/p>\n<p style=\"text-align: center;\">AGENCIJA ZA LIJEKOVE I OFTLMOLOGIJU ZAGREB<br \/>\nGRADSKA LJEKARNA ZAGREB<\/p>\n<p><a href=\"https:\/\/usgpl.hr\/wp-content\/uploads\/2021\/12\/Donacija-Zaklade-Adris_e-oznaka-crna.png\"><img loading=\"lazy\" class=\"aligncenter size-full wp-image-1010\" src=\"https:\/\/usgpl.hr\/wp-content\/uploads\/2021\/12\/Donacija-Zaklade-Adris_e-oznaka-crna.png\" alt=\"\" width=\"567\" height=\"568\" srcset=\"https:\/\/usgpl.hr\/wp-content\/uploads\/2021\/12\/Donacija-Zaklade-Adris_e-oznaka-crna.png 567w, https:\/\/usgpl.hr\/wp-content\/uploads\/2021\/12\/Donacija-Zaklade-Adris_e-oznaka-crna-300x300.png 300w, https:\/\/usgpl.hr\/wp-content\/uploads\/2021\/12\/Donacija-Zaklade-Adris_e-oznaka-crna-150x150.png 150w\" sizes=\"(max-width: 567px) 100vw, 567px\" \/><\/a><\/p>\n","protected":false},"excerpt":{"rendered":"<p>Glavni sponzori, donatori i podupiratelji rada na\u0161e Udruge su: Australska ambasada u Zagrebu, www.croata.embassy.gov.au &#8211; Prve kontakte i suradnju smo ostvarili po\u010detkom 2009. godine, a prvi puta su nam do\u0161li u posjet 21.06.2009. godine, gospo\u0111a veleposlanica\u00a0 Beverly Mercer i gospo\u0111a Dijana Pade\u017eanin. Australska ambasada je donirala na\u0161oj Udruzi ve\u0107i dio opreme na kojoj je ugra\u0111ena [&hellip;]<\/p>\n","protected":false},"author":1,"featured_media":0,"parent":0,"menu_order":0,"comment_status":"closed","ping_status":"closed","template":"","meta":[],"_links":{"self":[{"href":"https:\/\/usgpl.hr\/index.php?rest_route=\/wp\/v2\/pages\/9"}],"collection":[{"href":"https:\/\/usgpl.hr\/index.php?rest_route=\/wp\/v2\/pages"}],"about":[{"href":"https:\/\/usgpl.hr\/index.php?rest_route=\/wp\/v2\/types\/page"}],"author":[{"embeddable":true,"href":"https:\/\/usgpl.hr\/index.php?rest_route=\/wp\/v2\/users\/1"}],"replies":[{"embeddable":true,"href":"https:\/\/usgpl.hr\/index.php?rest_route=%2Fwp%2Fv2%2Fcomments&post=9"}],"version-history":[{"count":11,"href":"https:\/\/usgpl.hr\/index.php?rest_route=\/wp\/v2\/pages\/9\/revisions"}],"predecessor-version":[{"id":1015,"href":"https:\/\/usgpl.hr\/index.php?rest_route=\/wp\/v2\/pages\/9\/revisions\/1015"}],"wp:attachment":[{"href":"https:\/\/usgpl.hr\/index.php?rest_route=%2Fwp%2Fv2%2Fmedia&parent=9"}],"curies":[{"name":"wp","href":"https:\/\/api.w.org\/{rel}","templated":true}]}}