{"id":13,"date":"2013-08-23T09:32:03","date_gmt":"2013-08-23T09:32:03","guid":{"rendered":"http:\/\/usgpl.hr\/?page_id=13"},"modified":"2020-04-15T09:47:44","modified_gmt":"2020-04-15T09:47:44","slug":"o-nama-3","status":"publish","type":"page","link":"https:\/\/usgpl.hr\/?page_id=13","title":{"rendered":"O nama"},"content":{"rendered":"<p style=\"text-align: center;\">Udruga slijepih je osnovana 18.07.2007. godine. Brojimo 73 \u010dlana svih dobnih skupina. Udruga pokriva najve\u0107im dijelom Slavoniju, ali prima \u010dlanove i s podru\u010dja cijele Hrvatske.<\/p>\n<p>&nbsp;<\/p>\n<p style=\"text-align: center;\"><a href=\"http:\/\/usgpl.hr\/wp-content\/uploads\/2013\/08\/IMG_0011.jpg\"><a href=\"http:\/\/usgpl.hr\/wp-content\/uploads\/2018\/12\/48378839_525737851244690_2122623093095530496_o.jpg\"><img loading=\"lazy\" class=\"alignnone size-large wp-image-450\" alt=\"48378839_525737851244690_2122623093095530496_o\" src=\"http:\/\/usgpl.hr\/wp-content\/uploads\/2018\/12\/48378839_525737851244690_2122623093095530496_o-1024x497.jpg\" width=\"604\" height=\"293\" srcset=\"https:\/\/usgpl.hr\/wp-content\/uploads\/2018\/12\/48378839_525737851244690_2122623093095530496_o-1024x497.jpg 1024w, https:\/\/usgpl.hr\/wp-content\/uploads\/2018\/12\/48378839_525737851244690_2122623093095530496_o-300x145.jpg 300w, https:\/\/usgpl.hr\/wp-content\/uploads\/2018\/12\/48378839_525737851244690_2122623093095530496_o.jpg 1280w\" sizes=\"(max-width: 604px) 100vw, 604px\" \/><\/a><\/a><\/p>\n<p>&nbsp;<\/p>\n","protected":false},"excerpt":{"rendered":"<p>Udruga slijepih je osnovana 18.07.2007. godine. Brojimo 73 \u010dlana svih dobnih skupina. Udruga pokriva najve\u0107im dijelom Slavoniju, ali prima \u010dlanove i s podru\u010dja cijele Hrvatske. &nbsp; &nbsp;<\/p>\n","protected":false},"author":1,"featured_media":0,"parent":0,"menu_order":0,"comment_status":"closed","ping_status":"closed","template":"","meta":[],"_links":{"self":[{"href":"https:\/\/usgpl.hr\/index.php?rest_route=\/wp\/v2\/pages\/13"}],"collection":[{"href":"https:\/\/usgpl.hr\/index.php?rest_route=\/wp\/v2\/pages"}],"about":[{"href":"https:\/\/usgpl.hr\/index.php?rest_route=\/wp\/v2\/types\/page"}],"author":[{"embeddable":true,"href":"https:\/\/usgpl.hr\/index.php?rest_route=\/wp\/v2\/users\/1"}],"replies":[{"embeddable":true,"href":"https:\/\/usgpl.hr\/index.php?rest_route=%2Fwp%2Fv2%2Fcomments&post=13"}],"version-history":[{"count":6,"href":"https:\/\/usgpl.hr\/index.php?rest_route=\/wp\/v2\/pages\/13\/revisions"}],"predecessor-version":[{"id":564,"href":"https:\/\/usgpl.hr\/index.php?rest_route=\/wp\/v2\/pages\/13\/revisions\/564"}],"wp:attachment":[{"href":"https:\/\/usgpl.hr\/index.php?rest_route=%2Fwp%2Fv2%2Fmedia&parent=13"}],"curies":[{"name":"wp","href":"https:\/\/api.w.org\/{rel}","templated":true}]}}